2
In base 4, what is 10 - 10110?
-10100
In base 10, what is -409 + 7?
-402
In base 12, what is 9 + 5?
12
In base 11, what is 5a3 + 0?
5a3
In base 6, what is 31300 + -2?
31254
In base 9, what is -165 + -6?
-172
In base 12, what is -1 + 120?
11b
In base 13, what is 49 - -b?
57
In base 14, what is 78 + -1c?
5a
In base 8, what is -5216 + 3?
-5213
In base 5, what is -3 + 23?
20
In base 14, what is aa + 7?
b3
In base 12, what is 15 + -11?
4
In base 11, what is 15 - -1?
16
In base 13, what is 1 + -93?
-92
In base 4, what is 0 + 1323?
1323
In base 7, what is -3 - -113?
110
In base 5, what is 40 + 34?
124
In base 13, what is -ab - 3?
-b1
In base 12, what is 0 - 569?
-569
In base 14, what is -7 + -c?
-15
In base 8, what is -3 - 351?
-354
In base 5, what is -1 - 3242?
-3243
In base 10, what is -73 + 0?
-73
In base 2, what is -1 + -1110010011?
-1110010100
In base 13, what is 0 - -b3?
b3
In base 15, what is 1 + -20?
-1e
In base 8, what is 1504 - 1?
1503
In base 15, what is 31 - 20?
11
In base 12, what is 5 + -27?
-22
In base 8, what is -226 - 5?
-233
In base 5, what is -3222 - -3?
-3214
In base 3, what is 2020 - -1002?
10022
In base 4, what is 11 + -130?
-113
In base 9, what is 8 + 22?
31
In base 7, what is -13 + -244?
-260
In base 6, what is 5225 - -4?
5233
In base 5, what is 10 - 231?
-221
In base 2, what is 1110 + -1100001011?
-1011111101
In base 11, what is -107 - 3?
-10a
In base 3, what is 2 + 1221020?
1221022
In base 3, what is -1000021 + 10?
-1000011
In base 9, what is 427 + 0?
427
In base 15, what is 745 + -2?
743
In base 6, what is 2 + 132?
134
In base 14, what is 1 - 9?
-8
In base 3, what is 112 + -100?
12
In base 16, what is 2 - -16c?
16e
In base 13, what is 22 + 0?
22
In base 16, what is -f54 + 3?
-f51
In base 6, what is 142 - -13?
155
In base 4, what is -311 + 12?
-233
In base 2, what is -1011000110110 - -10?
-1011000110100
In base 4, what is -2 - -200313?
200311
In base 11, what is -3 + 986?
983
In base 9, what is -2 - -332?
330
In base 6, what is -5 + 2432?
2423
In base 11, what is 330 + 3?
333
In base 13, what is 9 - 17b?
-172
In base 9, what is -38 - -78?
40
In base 10, what is 8 + 64?
72
In base 6, what is 13 - 10?
3
In base 7, what is -1 + 355?
354
In base 6, what is -4132 - 24?
-4200
In base 14, what is -8a + -10?
-9a
In base 9, what is -287 + 3?
-284
In base 6, what is 1035 + 4?
1043
In base 10, what is 107 + 14?
121
In base 5, what is 2 - 3103?
-3101
In base 11, what is -49 + 2?
-47
In base 4, what is 0 + 223?
223
In base 7, what is -241 + 2?
-236
In base 13, what is -26 - 2?
-28
In base 10, what is 1 - -13?
14
In base 14, what is 201 - 1?
200
In base 12, what is 2 + 88?
8a
In base 5, what is 14240 + 3?
14243
In base 2, what is 0 - -10111?
10111
In base 14, what is 7 - 203?
-1da
In base 7, what is -1 - 26?
-30
In base 3, what is 1021 + 1021?
2112
In base 12, what is -58b - -1?
-58a
In base 8, what is -13 - 157?
-172
In base 11, what is -2478 + 1?
-2477
In base 13, what is 73c4 + 2?
73c6
In base 13, what is 3 - a3?
-a0
In base 2, what is 10 - -11011000?
11011010
In base 7, what is -206 - 10?
-216
In base 6, what is 15 + -5?
10
In base 10, what is 100 + 12?
112
In base 7, what is -133 - 2?
-135
In base 10, what is -5 + -3682?
-3687
In base 7, what is 1 - -464?
465
In base 16, what is 2 - -eb5?
eb7
In base 9, what is 4 + -837?
-833
In base 10, what is 4 - 33?
-29
In base 16, what is 5 + 21?
26
In base 16, what is -73a + 4?
-736
In base 5, what is -1 - -4422?
4421
In base 11, what is 3 - -68?
70
In base 9, what is 515 - 4?
511
In base 11, what is -74 - 2?
-76
In base 7, what is 2303 + 3?
2306
In base 3, what is 2001 - 22?
1202
In base 2, what is 1100010111 - -10?
1100011001
In base 12, what is 9 + -15bb?
-15b2
In base 4, what is -31 + 21231?
21200
In base 9, what is 17200 - 2?
17187
In base 13, what is 465 + -3?
462
In base 11, what is 12 + -37?
-25
In base 16, what is -d + -15b?
-168
In base 5, what is -4 - 14?
-23
In base 12, what is 24 - 37?
-13
In base 4, what is -11 + 13?
2
In base 9, what is 4 - -131?
135
In base 12, what is 5 - 2148?
-2143
In base 12, what is 97 + 24?
bb
In base 13, what is -5 + -b?
-13
In base 12, what is 12 + -302?
-2b0
In base 5, what is 2 + 34032?
34034
In base 3, what is -11 - 22220?
-100001
In base 4, what is -3 - 20003?
-20012
In base 8, what is 5 + -335?
-330
In base 16, what is -9b + 3b?
-60
In base 5, what is 10 - -12132?
12142
In base 7, what is -12 + 5?
-4
In base 8, what is -5 - -773?
766
In base 14, what is 274b - -4?
2751
In base 8, what is 17 + -15?
2
In base 12, what is 54 - -4?
58
In base 8, what is -1 + 21?
20
In base 9, what is 6 - -16?
23
In base 6, what is 0 - -2?
2
In base 2, what is -10001 - -111001?
101000
In base 11, what is -33 - 2?
-35
In base 16, what is -bf + -1d?
-dc
In base 14, what is -4 - -37?
33
In base 12, what is 6 + 7?
11
In base 7, what is 0 - 35520?
-35520
In base 9, what is 16 - 52?
-35
In base 11, what is 1 - 152?
-151
In base 3, what is 20 + 2120?
2210
In base 15, what is 3 - -10?
13
In base 11, what is 478 + 8?
485
In base 9, what is -3 + -546?
-550
In base 7, what is -2 - 350?
-352
In base 10, what is -4 - 15?
-19
In base 9, what is -48 - 2?
-51
In base 12, what is 3 - -250?
253
In base 8, what is -302 + -117?
-421
In base 10, what is 11299 + -4?
11295
In base 9, what is -1 + -1754?
-1755
In base 3, what is 122 - 100?
22
In base 2, what is -110 - 100100?
-101010
In base 9, what is 332 + 1?
333
In base 9, what is -30757 - 4?
-30762
In base 12, what is 1 - 18a2?
-18a1
In base 10, what is -385 + 4?
-381
In base 2, what is 10 - 10001111?
-10001101
In base 11, what is 52 - 5?
48
In base 7, what is -4 + 124?
120
In base 7, what is -1 - -31?
30
In base 4, what is 10 - 222?
-212
In base 14, what is 1 + 3d6?
3d7
In base 13, what is 133 - -5?
138
In base 4, what is -1300 - -331?
-303
In base 7, what is -200423 + 1?
-200422
In base 13, what is -28 - -10?
-18
In base 7, what is -565 + 0?
-565
In base 6, what is -3 - 20?
-23
In base 14, what is 1d - 175?
-156
In base 5, what is 4212 + 0?
4212
In base 11, what is -1 + 66?
65
In base 4, what is 0 - 13311?
-13311
In base 15, what is -d - 72?
-80
In base 12, what is 1 + -160?
-15b
In base 3, what is -2121100 + -10?
-2121110
In base 15, what is -18 - 12a?
-143
In base 10, what is -23 - 191?
-214
In base 10, what is -8 + -50?
-58
In base 3, what is -21 + 1102?
1011
In base 14, what is 1 + -27?
-26
In base 5, what is -10 + 20?
10
In base 8, what is -3 - 225?
-230
In base 9, what is -6 + -23?
-30
In base 16, what is -12 + -dc?
-ee
In base 10, what is -1978 - 17?
-1995
In base 6, what is 42 + -300?
-214
In base 13, what is -2 + -c?
-11
In base 3, what is -201100211 - -11?
-201100200
In base 16, what is 8df + 2?
8e1
In base 10, what is 1 - -1340?
1341
In base 14, what is -86 - 2?
-88
In base 12, what is -3195 - -2?
-3193
In base 3, what is -101 - 211?
-1012
In base 11, what is -42a9 + 1?
-42a8
In base 15, what is 7 - 31?
-29
In base 7, what is 1 - 126?
-125
In base 14, what is 108a - 0?
108a
In base 12, what is -5 - 62?
-67
In base 2, what is 1001100100 + -11011?
1001001001
In base 5, what is -21 + 1342?
1321
In base 11, what is 3 - 6?
-3
In base 14, what is 121 + -4?
11b
In base 4, what is -3030 + 2?
-3022
In base 14, what is 32a - 2?
328
In base 11, what is -a6 + -5?
-100
In base 7, what is 21521 - 5?
21513
In base 4, what is -2123 + 32?
-2031
In base 12, what is 272 - -9?
27b
In base 11, what is -126 - -16?
-110
In base 4, what is -20110 + 11?
-20033
In base 11, what is -7 - 17?
-23
In base 9, what is -74 + -8?
-83
In base 2, what is -110 + 101110101?
101101111
In base 3, what is -1002 - -112?
-120
In base 3, what is 201012 - 0?
201012
In base 5, what is -31113 + -1?
-31114
In base 3, what is 2 - 10220122?
-10220120
In base 5, what is -4 + 3413?
3404
In base 7, what is -2 - -45?
43
In base 8, what is 2 + 1671?
1673
In base 6, what is 1 + -11224?
-11223
In base 15, what is 1 - 6b?
-6a
In base 3, what is -10200 + 10?
-10120
In base 9, what is 16 + 6?
23
In base 2, what is 10111101000 - -10?
10111101010
In base 7, what is 0 - 1365?
-1365
In base 16, what is -4 - -9f?
9b
In base 12, what is 3 + 107?
10a
In base 7, what is -115426 - 1?
-115430
In base 12, what is -35 + -219?
-252
In base 11, what is -69a - -3?
-697
In base 16, what is 16 + 